t w(c) = -15*c**2 - 4*c + 1. Let d(j) = 3*v(j) - 4*w(j). What is d(p)?
9
Suppose -99 = 5*b - 109. Let m(k) be the third derivative of 0 - 1/8*k**4 + 0*k - 5*k**b + 0*k**3. Determine m(-1).
3
Let c(w) be the second derivative of w**5/20 + 5*w**4/12 + w**3/6 - 3*w**2/2 + 2*w. Determine c(-5).
-8
Let a(s) be the third derivative of -s**5/60 - s**4/4 - s**3/3 + 22*s**2. Let f = -13 - -7. Give a(f).
-2
Suppose -5 = 5*z - 5*c, z - 2*c + 5*c = 19. Let f(n) = -n - z + 0*n + 6 - 1. Suppose 0*j - 6 = 2*j. Give f(j).
4
Let o be (-14)/(-49) + 19/7. Suppose f - 9 = -4*y - 4, -f + 4*y = o. Let a(q) = 0 + 4 + q**3 - q - f. What is a(0)?
3
Let w(g) be the second derivative of -g**3/6 + 4*g. Give w(-6).
6
Let c(x) = x**2 + 9*x + 9. Let t be c(-7). Let w be (-2)/2 + 2 + t. Let q(a) = a - 3. What is q(w)?
-7
Let q(p) = -7*p**2 - 12*p - 7. Let x(y) = 6*y**2 + 11*y + 6. Let w(d) = 5*q(d) + 6*x(d). Calculate w(-5).
-4
Suppose 3*k - 3 = 3. Suppose -k*i + 20 = -6*i. Let b(y) = 6*y - 1. Let n(s) = 5*s. Let o(r) = 3*b(r) - 4*n(r). Calculate o(i).
7
Let m = 11 + -8. Suppose o - m*o = 5*k + 5, -4*o - 23 = -3*k. Let r(f) = f**3 - f**2 - f + 1. What is r(k)?
0
Let d(c) = -18*c**2 - 5*c - 5. Let x(w) = -9*w**2 - 2*w - 2. Let q(k) = 2*d(k) - 5*x(k). Let p be 16/(-6)*3/(-2). Suppose -5 = p*g + g. Determine q(g).
9
Suppose -5*y = 15, 24 = 5*h - y - 14. Let i(o) = 9 + 5 + 3*o - o - h. What is i(-7)?
-7
Let q(z) be the first derivative of z**4/4 - z**3 - 5*z**2/2 + 2*z - 1. Let t(a) = a - 2. Let x be 10 + -1 - (1 + 2). Let p be t(x). Determine q(p).
-2
Suppose 3*k - 5*c = -3 - 10, 5*c = -k - 11. Let g be (-2 - k) + 2/2. Suppose -g*x + 0*x = 25. Let p(s) = -s**3 - 6*s**2 - 6*s - 1. Calculate p(x).
4
Let d be 2*2*(-2)/(-2). Let g be 6/d*(-16)/6. Let y(r) = r. Let c(l) = 4*l + 5. Let i(v) = c(v) - 3*y(v). Determine i(g).
1
Let u(f) = -2*f + 8. Let v(y) = -4 - 4 - 1 + 2*y. Let z be ((-8)/10)/((-2)/(-10)). Let j(i) = z*v(i) - 5*u(i). What is j(3)?
2
Let j(u) = -u - 5. Let r(a) = -4*a - 16. Let h be ((-4)/14)/((-3)/21). Suppose 2*z + 5 = z + b, 2*b = -2*z + h. Let f(p) = z*r(p) + 7*j(p). Give f(-3).
-6
Let d(x) = -4*x. Suppose 0 = 15*y + 17 - 2. Give d(y).
4
Let t(a) = 9*a + 4. Let m(w) = 26*w + 11. Let u(v) = -3*m(v) + 8*t(v). What is u(1)?
-7
Let o(v) = -4*v**2 - 4*v. Let q be o(-3). Let u be ((-2)/(-4))/((-4)/q). Let d(l) = -3*l. Give d(u).
-9
Let n(r) = -2*r - 1. Let b = 0 - -2. Let y(g) = g - 1. Let q be y(5). Let d = q - b. Determine n(d).
-5
Let w(r) = -r. Let l(c) = 4*c + 8. Let i(t) = l(t) + 2*w(t). What is i(-7)?
-6
Let n(a) be the third derivative of -a**5/60 + 5*a**4/24 - a**3/3 + 6*a**2. Calculate n(5).
-2
Suppose 49 = 5*g + 4. Let j(y) = -y**2 + 7*y - 17. Let w(n) = 2*n**2 - 13*n + 35. Let x(b) = 9*j(b) + 4*w(b). Let l be x(g). Let v(c) = 2*c - 5. Give v(l).
5
Suppose -2*d - 10 = -2*s - 0*s, s - 5*d - 25 = 0. Suppose -4*w = -s*w + 24. Let t(g) = g**2 + 5*g - 8. What is t(w)?
-2
Let f(y) = -y**2 + 7*y + 6. Let p be f(7). Let h(r) = -r**2 + 4*r - p*r - 2 + 4*r - 6*r. Determine h(-5).
-7
Suppose -c - 4 = 3*c. Let f(s) = 5*s + 5. Let k(w) = w + 1. Let v(q) = c*f(q) + 6*k(q). Let h be (1*(-3 + 3))/(-1). Determine v(h).
1
Let o(b) = 15*b - 10*b - 4 + 5*b**2 - 4*b**2. Let x(i) = 7*i**3 - i. Let q be x(-1). What is o(q)?
2
Let f(v) be the third derivative of -v**6/24 + v**5/30 - v**4/12 + v**3/6 + v**2. Suppose 4 = w + 3. Give f(w).
-4
Suppose -5*j = 6 - 16. Let n(r) = r**3 - 2*r**2 - 2*r - 1. Let t be n(j). Let d(q) = -q - 3. Let f(p) = -p - 4. Let y(x) = -5*d(x) + 4*f(x). What is y(t)?
-6
Let l(j) be the first derivative of -j**4/4 + j**3/3 + j + 2. Suppose -4*h - 5 = -29. Suppose 6*f = 3*f + h. Determine l(f).
-3
Let j(u) = 3*u**3 - u**2 + 5*u - 4. Let i(g) = -2*g**3 - 5*g + 3. Let n(h) = -4*i(h) - 3*j(h). Let t be (-2)/(-2) - (16 + -19). Calculate n(t).
4
Let h(f) = -f**3 + 1 + 9*f**3 + 3*f**3. Suppose w + 0*u + u - 7 = 0, 5*u = -w - 5. Let i(n) = n**3 - 11*n**2 + 10*n - 1. Let d be i(w). Calculate h(d).
-10
Let i(v) be the third derivative of v**4/8 - v**3/6 - v**2. Let c(t) = t**3 - 23*t**2 + 42*t + 1. Let h be c(21). What is i(h)?
2
Let o = -49 + 52. Let m(x) = -x + 1. What is m(o)?
-2
Let h(s) = -s**2 + s - 1. Let r be 60/25 - (-2)/(-5). Let j(g) = -1 + r*g + 2*g**2 + 2 + 3 + 0. Let x(b) = h(b) + j(b). Give x(-3).
3
Let u(z) be the first derivative of z**2 - 1/3*z**3 - 2 + 7*z. Let g = 13 + -8. What is u(g)?
-8
Let a(o) be the second derivative of o**5/20 + o**4/2 + o**3/6 + 7*o**2/2 - 2*o. Give a(-6).
1
Suppose -j + 2 = -0, 4 = -3*n + 5*j. Let s be (-1 - n) + 1 - -4. Let b be (s/(-4))/((-1)/(-2)). Let f(g) = g - 1. Calculate f(b).
-2
Let x(q) = -q**3 + 5*q**2 - q - 1. Let g(y) = y**2 - 8*y + 4. Let r be g(8). Calculate x(r).
11
Let l(z) = z**3 - z**2 - z - 6. Let v be l(0). Let t be (0 - 2) + v/(-2). Let a(o) be the third derivative of o**4/8 - 4*o**2. Determine a(t).
3
Let w(c) be the second derivative of c**4/12 - 5*c**3/3 + 9*c**2/2 - 25*c. What is w(7)?
-12
Let v(c) = 6*c - 6*c + c**2 - 2 - 2*c - c. Calculate v(-3).
16
Suppose -11 = -3*a + 1. Let h(d) = -d + 1. Let i(r) = 3*r + 3. Let n(b) = -4*h(b) - i(b). Give n(a).
-3
Let u(y) = 11*y + 3. Let j(f) = -7*f - 2. Let z(i) = -8*j(i) - 5*u(i). Calculate z(-5).
-4
Let h(x) = -3*x + 2. Suppose -4*t = -2*t + 3*z - 8, 6 = t + 2*z. Let v be h(t). Let w be 22/(-8) + 6/v. Let f(p) = p**3 - p - 1. Determine f(w).
-7
Let j(z) = -z**2 - 2*z + 1. Let u be j(-3). Let o(s) = -2*s + 9552 - 9552. Calculate o(u).
4
Let y(b) = 5*b - 2. Let z = 5 + 0. Let x be ((-2)/z)/((-1)/5). Determine y(x).
8
Let i be (0 - 0) + (-536)/96 + 6. Let t(m) be the second derivative of 0 - 1/20*m**5 + i*m**4 + 0*m**3 - 5/2*m**2 + 2*m. Determine t(5).
-5
Let v(s) = -s**3 - s - 2. Let a = 4 - 4. Let b = a - 2. Calculate v(b).
8
Let c(b) = b**2 - 9*b + 6. Let d be (-12 - -16)/(1/2). Determine c(d).
-2
Let s(t) = t + 2. Suppose w - 13 = -4. Suppose w*c + 20 = 13*c. What is s(c)?
7
Let u(j) = j - j + 7 - j + 2*j. Determine u(-7).
0
Let s(n) be the third derivative of -n**6/120 - n**5/12 + n**4/4 + n**3/6 - 6*n**2. Give s(-6).
1
Let c = -189 - -185. Let y(w) = -w**3 - 8*w**2 - 2*w - 4. Let q(k) = -k**3 - 9*k**2 - 3*k - 4. Let u(m) = 5*q(m) - 6*y(m). Determine u(c).
0
Let d be (-3)/1*(2 - 3). Let b(y) = 5*y - 3. Let k(i) be the second derivative of -11*i**3/6 + 3*i**2 - 3*i. Let t(a) = 7*b(a) + 3*k(a). Give t(d).
3
Suppose 3*d - 2*z - 13 = -7*z, -5*z + 25 = 0. Let g(j) = 2*j + 4. Let t be g(d). Let b(i) = 2*i - 1. Give b(t).
-9
Let m(n) = 2*n. Let d(g) be the second derivative of -g**5/20 + g**4/3 + 2*g**3/3 + g**2 + 2*g. Let i be d(5). Give m(i).
-6
Let p(o) = -o + 1. Suppose 0 = 3*m - 4*g + 41, -g + 46 = -5*m + m. Let v(s) = -s - 14. Let d be v(m). Calculate p(d).
4
Let h(g) = 8*g**2 + g. Let c be h(-1). Let i = c + -2. Let b(r) be the third derivative of -r**6/120 + r**5/15 + r**4/8 + r**3/2 + 3*r**2. Calculate b(i).
-7
Let l(t) = t - 6. Let k be l(3). Let v(o) = -o - 1. Calculate v(k).
2
Suppose 4*r = -r - 10. Let s(d) = -d**3 - 2*d**2 - 3*d - 1. What is s(r)?
5
Let y be ((-5)/2)/((-4)/8). Suppose -3*t = -y*b + 6, -3*t - 5*b - 8 = t. Let f be -4 - (1 - -1)/t. Let w(s) = s**2 + 4*s + 3. What is w(f)?
0
Let j(u) = 1 + 2*u + 2*u**3 + 2*u**2 + 0 - 3*u**3 + 0*u**2. Let l = -9 + 11. What is j(l)?
5
Let u(w) = 2*w - 6. Let p be (-6)/(9/6 - 3). Let o be u(p). Let z(t) = -3*t**2 - 2 - 2*t**3 - 2*t**o + 2*t**2 - 2*t. Determine z(-2).
6
Let x be 0 - 0/((-4)/(-4)). Let y be 1 + 2/(-2 - -3). Let j(h) = 7 + 0*h**y - h**2 - h**3 + 3*h - 4*h. Determine j(x).
7
Let k(y) = y**2 + 10*y + 13. Let o be k(-3). Let c(l) = l**2 + 10*l + 9. Determine c(o).
-7
Let g be (-31)/(-4) + (-2)/(-8). Suppose 7*y - 3*y - g = 0. Let m(s) = s**2 - 4 + 2*s**3 + 2*s**3 + 2 + 2*s - 5*s**3. Give m(y).
-2
Let q(z) = 2*z + 7. Let m(p) = -3*p - 8. Let s(v) = 3*m(v) + 4*q(v). Suppose -4*b - 1 + 9 = -2*w, 5*b - 16 = 4*w. Calculate s(w).
8
Let q be (-4)/(-2) - (2 + -5). Suppose q*o - 18 = 2*b + 5, b = 3*o - 13. Let r(h) = -6*h + 1 - 2 + 5*h. Determine r(b).
3
Let h = -32 - -39. Let l(n) = -n**3 + 7*n**2 - n + 4. Calculate l(h).
-3
Let j(k) = 11*k + 5. Let c(z) = 11*z + 4. Let l(r) = -5*r**3 - 2*r + 1. Let g be l(1). Let u(m) = g*c(m) + 5*j(m). Calculate u(1).
-10
Let m = -6 + 8. Let b(w) = -w**m + 4*